t are the prime factors of v?
29
Let n(q) = 2*q + 9. Let p be n(0). Suppose -15*l = -p*l - 678. List the prime factors of l.
113
Suppose v = 2*r - 4567, r - 5*v - 1460 - 810 = 0. Let m = -1370 + r. What are the prime factors of m?
3, 5, 61
Suppose -404*m - 4025008 = -20288432. List the prime factors of m.
2, 17, 37
Let h = -1255 - -2409. List the prime factors of h.
2, 577
Let r = 0 + 0. Suppose r*z - z + 35 = 0. Suppose -z = -6*f + 469. What are the prime factors of f?
2, 3, 7
Let p(h) = 196*h**2 + 194*h - 272. What are the prime factors of p(12)?
2, 5, 757
Let c(m) = m**3 + 25*m**2 + 63*m + 37. What are the prime factors of c(22)?
3, 7, 1151
Let m be 4 - 238/63 - 2210/(-18). Let x = -144 + 97. Let t = m - x. What are the prime factors of t?
2, 5, 17
Suppose -3*h = 3*d - 33704 + 3656, 0 = 5*h - 5*d - 50020. List the prime factors of h.
2, 5, 7, 11, 13
Suppose -x + 115 = -5*y + y, -3*x + 2*y = -365. Suppose -4*w + 928 = -a, x = -w + 4*a + 340. Let s = w + -139. What are the prime factors of s?
2, 47
Suppose 0 = 10*x - 60 - 10. Suppose 133 = x*b - 63. Suppose 3*f - b - 77 = 0. What are the prime factors of f?
5, 7
Suppose 12495 + 16905 = 3*c. Suppose -121*r + 96*r + c = 0. What are the prime factors of r?
2, 7
Suppose 2*a = 12, -2*a - 2149 = 3*x - 25399. What are the prime factors of x?
2, 3, 1291
Let t(g) = 7*g - 4. Let u = -30 + 21. Let d be (-96)/u + (-10)/15 + 1. List the prime factors of t(d).
73
Let j(t) = -4*t**3 + t**2 - 4*t + 19. What are the prime factors of j(-9)?
2, 7, 109
Suppose 2*y - 4*w - 23096 = 0, 0*y + 2*w = 2*y - 23096. What are the prime factors of y/20 + (-12)/(-20)?
2, 17
Let v = -46 + 52. Suppose -v*y = -12*y + 5838. List the prime factors of y.
7, 139
Let t = -37 + 41. Suppose 77 = t*p + 5*c + 422, -3*p + 3*c = 279. What are the prime factors of p/25*(-160)/3?
2, 3
Suppose -3*j + 5*t + 45166 = -6707, 0 = -j + 5*t + 17301. List the prime factors of j.
2, 3, 43, 67
Suppose 7*x - 9*x + 52 = 0. Suppose 24*a + 92 = x*a. Suppose r - a = -27. What are the prime factors of r?
19
Let v be (8/2 - 0) + -8. Let o = 32 + -38. What are the prime factors of -2*(o/(-3) + v)?
2
Let f(b) be the first derivative of -b**2 + 138*b + 29. What are the prime factors of f(35)?
2, 17
Let q(o) = -5*o - 20. Let z be q(-4). Suppose z = 2*t - d + 223 + 224, 5*t + 5*d + 1095 = 0. List the prime factors of 1/(5/t)*10/(-3).
2, 37
Suppose 0 = 12*d + 2*d - 126. Suppose -32*c + 4002 = -d*c. List the prime factors of c.
2, 3, 29
Suppose 16556 = 3*s + 4*g - 6393, 5*s - 38210 = g. What are the prime factors of s?
7643
Let p(x) = 274*x**2 + 209*x - 69. List the prime factors of p(-12).
3, 19, 647
Let m(y) = y - 13. Let c be m(9). Let n be c*(-1)/8*-2*2. What are the prime factors of 1372/44 + 2/22*n?
31
Let m(h) = -h**2 + 3*h + 12. Let d be m(5). Suppose -d*k + 67 = -187. Let a = k + -35. What are the prime factors of a?
2, 23
Let p be -2 - (5 + -7) - 2/(-1). Suppose a = p, 4*c - 34 = 2*a + a. Suppose 8*z = c*z - 182. What are the prime factors of z?
7, 13
Let l = -419 + 424. Let y(d) = 11*d - 16. Let i(k) = -23*k + 31. Let t(f) = 6*i(f) + 13*y(f). List the prime factors of t(l).
3
Suppose 19*y + 23362 - 102554 = 0. List the prime factors of y.
2, 521
Suppose -12956 = 3*l - 4*l - 5*m, 0 = 4*m + 12. List the prime factors of l/56 - 15/(-40).
2, 29
Suppose 5*d = -8 - 217. List the prime factors of (2 + d/10)*-112.
2, 5, 7
Suppose -3*h = -12, -1017*w + 1014*w + 179695 = h. List the prime factors of w.
89, 673
Let v(a) = 114*a - 1597. What are the prime factors of v(42)?
3191
Let b = 94 + -143. Let j = b - -64. Let q = 75 + j. What are the prime factors of q?
2, 3, 5
Let a be ((-3)/1)/(14 + (-325)/26). Let y(z) = 223*z**2 - 20*z - 3. List the prime factors of y(a).
929
Let m be (-24)/(-2) + -2 - 5. Suppose v + 3*r + 156 = 0, -4*v = -v - m*r + 468. List the prime factors of v/3*(-50)/20.
2, 5, 13
Let j be (-3)/(-9)*3*(-2 - -43). Suppose -j + 47 = -q. What are the prime factors of (-102)/(-6) - (1 + q)?
2, 11
Let f(i) = -i**2 - 20*i + 9. Let s be f(-22). Let n = -27 - s. What are the prime factors of 6/n - 0 - 979/(-44)?
23
Let w = -391 + -571. Let f = -32 - w. List the prime factors of f.
2, 3, 5, 31
Let l(g) = 2*g**3 - 3*g + 9. Let j be l(2). Suppose j*t + 5*t = 15600. List the prime factors of t.
2, 5, 13
Suppose -11*h + 14*h = 0. Let o(i) = -3*i**2 + 3*i + 871. What are the prime factors of o(h)?
13, 67
Let r = 16319 - 9707. List the prime factors of r.
2, 3, 19, 29
Suppose -4*x - 4*b = 44, -3*x + 0*x = 2*b + 38. Let s(y) = -y**3 - 13*y**2 - 2*y + 20. What are the prime factors of s(x)?
2, 5, 41
Suppose -27 = -4*t - 3*j, j = -4*t + 27 - 2. Suppose -h + 184 = -5*x, 0 - t = 3*x. What are the prime factors of h?
2, 3, 29
Let f(c) = -c**3 + 13*c**2 + c - 13. Let h be f(13). Suppose 4*y = -4*n + 6*y + 20, h = 3*y - 12. Suppose 64 = n*i - 6. What are the prime factors of i?
2, 5
Let n(y) = -37*y**2 - 2152*y - 62. What are the prime factors of n(-27)?
31069
Suppose 4*g = -7*a + 4*a + 8633, -a + 4315 = 2*g. Suppose 21*l = 10*l + g. What are the prime factors of l?
2, 7
Let t = 79212 - 48819. What are the prime factors of t?
3, 11, 307
Suppose r - 1 = -g, r - 25 = 5*g + 6. Let h(c) be the second derivative of 5*c**4/12 - 2*c**3/3 - 29*c**2/2 - 264*c + 1. What are the prime factors of h(r)?
127
Suppose -i + 8218 = m + 1191, 28126 = 4*i - 2*m. What are the prime factors of i?
2, 5, 19, 37
Suppose 3*o = 4*p - 1457, -33*p + 706 = -31*p - 6*o. List the prime factors of p.
2, 23
Suppose 22*n = 27*n - 20. Suppose 1 + 63 = n*f. Let a(u) = -u**2 + 21*u - 6. What are the prime factors of a(f)?
2, 37
List the prime factors of (164 - 169) + (0 - -612).
607
Let i be 104/65 - (-2)/5. Suppose 0 = -i*j + 4*z - 46, j + j = -5*z - 28. What are the prime factors of (j/2)/((5 - 2)/(-6))?
19
What are the prime factors of (10 + (-451)/44)/((-4)/66224)?
4139
Suppose 0 = -5*l - 5, j + 4*l = 5*j - 2752. Suppose 7806 = 9*i + j. List the prime factors of i.
7, 113
Suppose 3*k + 3*c = 165, 4*c - 205 = -4*k + 5*c. Suppose 47 + k = -3*q. Let w = q + 48. List the prime factors of w.
3, 5
Suppose 2*b + 2310 = 13*b. Suppose 6*o + b = 3420. What are the prime factors of o?
5, 107
Let k(c) = -20*c**3 + 2*c**2 + 5*c + 4. Let j be k(-3). Let t = 958 - j. Suppose 0 = 14*o - 17*o + t. What are the prime factors of o?
137
Let v(r) = -r**2 - 15*r - 23. Let l be v(-13). List the prime factors of l*47 - (-44)/(-44).
2, 5, 7
Let j(v) = -29 - 3*v + 7*v + 2*v + 5*v. List the prime factors of j(15).
2, 17
Let n = 476 + -892. Let o = 752 + n. What are the prime factors of o?
2, 3, 7
Suppose o + 2*o = 0. Let v(y) = y**2 - y - 67. Let t be v(o). Let c = t + 88. List the prime factors of c.
3, 7
Suppose -312*g = -320*g + 1328. Suppose -2*v + 616 = 2*t, -v - g = -2*t + 453. What are the prime factors of t?
3, 103
Let t(n) = -22*n + 121. Let w be t(27). Let l = -26 - w. What are the prime factors of l?
3, 149
Let m = -136 - -131. Let f(s) = -8*s**3 + s**2 - 3*s + 1. Let u be f(m). Suppose y = 5*d + 204, 6*y - y - 4*d = u. What are the prime factors of y?
11, 19
Let o be 1/(-2)*(8 - 6). Let b be -3 + (-253)/(-1) + o. Suppose 3*d - b = -2*t - 52, -172 = -2*t + 2*d. What are the prime factors of t?
7, 13
Let j be (-8)/(-2)*(317 - -3)/5. What are the prime factors of 8 + j + 25/(-5)?
7, 37
Let p be 18/(-5) + 4 - (-26)/10. Suppose -9 + p = -3*o. Suppose -o*t + 146 + 40 = 0. What are the prime factors of t?
3, 31
Let b = -59 + 57. Let y be (-4 - 3/(-6))*b. What are the prime factors of (-8)/(-28) + 887/y?
127
Suppose -2*s + 629 = -481. Suppose 2*a = 3*m - 1, -30 = -5*a - 5*m + 5. Suppose -p = a*p - s. List the prime factors of p.
3, 37
Let j = 413 + -376. Let c = 234 - j. What are the prime factors of c?
197
Let d = 700 + -700. Suppose -m - 3*u = -2*m + 920, 3662 = 4*m - 3*u. Suppose 4*y + 130 - m = d. What are the prime factors of y?
2, 7
Let x(c) = -2*c + 23. Let p be x(9). Suppose 0 = 9*n - 8*n - p*w - 95, 5*n + 3*w - 615 = 0. Suppose 0 = -0*s + 3*s - n. What are the prime factors of s?
2, 5
Let n be (30/40)/((-2)/(-8)). Suppose -n*x - 184 - 161 = -5*l, -5*l + 345 = -4*x. What are the prime factors of l?
3, 23
Let o(j) = 472*j - 61. What are the prime factors of o(29)?
13627
Suppose 36*z = -253*z + 943585. What are the 